remainder when 74945 is divided by 1055?
40
Calculate the remainder when 433 is divided by 296.
137
Calculate the remainder when 5593 is divided by 45.
13
Calculate the remainder when 179395 is divided by 18.
7
What is the remainder when 1571 is divided by 1395?
176
What is the remainder when 257353 is divided by 665?
663
What is the remainder when 5839 is divided by 57?
25
What is the remainder when 799 is divided by 600?
199
What is the remainder when 13315 is divided by 56?
43
What is the remainder when 15891 is divided by 5270?
81
Calculate the remainder when 550 is divided by 400.
150
What is the remainder when 93145 is divided by 49?
45
Calculate the remainder when 44075 is divided by 40.
35
Calculate the remainder when 90591 is divided by 1258.
15
What is the remainder when 2282 is divided by 304?
154
What is the remainder when 764 is divided by 61?
32
What is the remainder when 9097 is divided by 479?
475
Calculate the remainder when 1520 is divided by 55.
35
What is the remainder when 51117 is divided by 7?
3
Calculate the remainder when 6215 is divided by 474.
53
What is the remainder when 151455 is divided by 50482?
9
What is the remainder when 687 is divided by 218?
33
Calculate the remainder when 8228 is divided by 2737.
17
What is the remainder when 128135 is divided by 1424?
1399
What is the remainder when 1019 is divided by 327?
38
What is the remainder when 42195 is divided by 123?
6
Calculate the remainder when 236363 is divided by 118.
9
Calculate the remainder when 29979 is divided by 57.
54
Calculate the remainder when 509705 is divided by 54.
53
What is the remainder when 946161 is divided by 2131?
2128
What is the remainder when 75679 is divided by 228?
211
Calculate the remainder when 17076 is divided by 35.
31
Calculate the remainder when 720 is divided by 537.
183
What is the remainder when 577095 is divided by 26?
25
Calculate the remainder when 77978 is divided by 15593.
13
Calculate the remainder when 645689 is divided by 171.
164
Calculate the remainder when 393836 is divided by 20.
16
Calculate the remainder when 326170 is divided by 2509.
0
What is the remainder when 1527966 is divided by 104?
102
What is the remainder when 2524 is divided by 507?
496
What is the remainder when 23763 is divided by 187?
14
Calculate the remainder when 5590 is divided by 8.
6
Calculate the remainder when 9892 is divided by 9701.
191
Calculate the remainder when 4111 is divided by 1076.
883
What is the remainder when 8151 is divided by 1623?
36
Calculate the remainder when 9367 is divided by 92.
75
What is the remainder when 1831 is divided by 303?
13
Calculate the remainder when 102246 is divided by 338.
170
Calculate the remainder when 5600 is divided by 294.
14
What is the remainder when 32165 is divided by 134?
5
What is the remainder when 91766 is divided by 38?
34
Calculate the remainder when 295281 is divided by 132.
129
Calculate the remainder when 47829 is divided by 1063.
1057
What is the remainder when 36466 is divided by 335?
286
Calculate the remainder when 373527 is divided by 72.
63
What is the remainder when 3965 is divided by 937?
217
Calculate the remainder when 10131 is divided by 118.
101
What is the remainder when 15422 is divided by 3853?
10
What is the remainder when 792313 is divided by 18?
7
Calculate the remainder when 93984 is divided by 27.
24
What is the remainder when 12551 is divided by 2057?
209
Calculate the remainder when 8410 is divided by 284.
174
What is the remainder when 14499 is divided by 264?
243
Calculate the remainder when 214878 is divided by 99.
48
What is the remainder when 624 is divided by 278?
68
What is the remainder when 2281 is divided by 1115?
51
Calculate the remainder when 102999 is divided by 200.
199
Calculate the remainder when 1610 is divided by 1572.
38
Calculate the remainder when 501579 is divided by 382.
13
What is the remainder when 150145 is divided by 22?
17
What is the remainder when 3882 is divided by 1563?
756
What is the remainder when 180 is divided by 124?
56
Calculate the remainder when 1848178 is divided by 12.
10
What is the remainder when 1520 is divided by 293?
55
Calculate the remainder when 36193 is divided by 142.
125
What is the remainder when 656159 is divided by 65613?
29
Calculate the remainder when 90212 is divided by 320.
292
Calculate the remainder when 16311 is divided by 89.
24
Calculate the remainder when 1716 is divided by 170.
16
Calculate the remainder when 32131 is divided by 824.
819
What is the remainder when 5052 is divided by 79?
75
Calculate the remainder when 623049 is divided by 54.
51
What is the remainder when 7668 is divided by 191?
28
What is the remainder when 5339 is divided by 5328?
11
What is the remainder when 9314 is divided by 405?
404
What is the remainder when 562263 is divided by 934?
929
What is the remainder when 283771 is divided by 2307?
10
What is the remainder when 1055 is divided by 52?
15
What is the remainder when 135096 is divided by 25?
21
Calculate the remainder when 26779 is divided by 9.
4
Calculate the remainder when 1181960 is divided by 14.
10
Calculate the remainder when 34374 is divided by 1424.
198
Calculate the remainder when 17269 is divided by 278.
33
What is the remainder when 9847 is divided by 1638?
19
What is the remainder when 2674 is divided by 2?
0
What is the remainder when 16032 is divided by 5181?
489
What is the remainder when 20525 is divided by 33?
32
Calculate the remainder when 653 is divided by 7.
2
What is the remainder when 41577 is divided by 5?
2
What is the remainder when 33799 is divided by 169?
168
What is the remainder when 2661076 is divided by 346?
336
What is the remainder when 7121 is divided by 227?
84
Calculate the remainder when 909523 is divided by 13.
4
Calculate the remainder when 45838 is divided by 60.
58
What is the remainder when 23197 is divided by 200?
197
Calculate the remainder when 7236 is divided by 480.
36
What is the remainder when 359 is divided by 121?
117
What is the remainder when 4129 is divided by 262?
199
Calculate the remainder when 3279 is divided by 219.
213
Calculate the remainder when 3795 is divided by 292.
291
Calculate the remainder when 21097 is divided by 1629.
1549
What is the remainder when 33875 is divided by 140?
135
What is the remainder when 39015 is divided by 39?
15
Calculate the remainder when 9622714 is divided by 1996.
1994
What is the remainder when 10864187 is divided by 276?
275
What is the remainder when 425094 is divided by 33?
21
Calculate the remainder when 753 is divided by 208.
129
What is the remainder when 36831 is divided by 270?
111
What is the remainder when 947 is divided by 188?
7
Calculate the remainder when 14456 is divided by 1615.
1536
Calculate the remainder when 107566 is divided by 21492.
106
Calculate the remainder when 2555 is divided by 1185.
185
Calculate the remainder when 19584 is divided by 332.
328
What is the remainder when 958 is divided by 691?
267
Calculate the remainder when 615717 is divided by 84.
81
What is the remainder when 4413 is divided by 134?
125
Calculate the remainder when 8887019 is divided by 20.
19
Calculate the remainder when 14004 is divided by 3459.
168
Calculate the remainder when 12188 is divided by 182.
176
What is the remainder when 406006 is divided by 64?
54
What is the remainder when 53113 is divided by 784?
585
What is the remainder when 3797 is divided by 631?
11
Calculate the remainder when 17803 is divided by 266.
247
What is the remainder when 14646 is divided by 772?
750
Calculate the remainder when 87728 is divided by 87725.
3
What is the remainder when 7781 is divided by 56?
53
Calculate the remainder when 41013 is divided by 20.
13
Calculate the remainder when 48121 is divided by 382.
371
What is the remainder when 264093 is divided by 56?
53
Calculate the remainder when 17568 is divided by 255.
228
What is the remainder when 129507 is divided by 25?
7
Calculate the remainder when 10100 is divided by 49.
6
What is the remainder when 2620 is divided by 855?
55
Calculate the remainder when 916 is divided by 293.
37
What is the remainder when 9377 is divided by 9368?
9
Calculate the remainder when 8837 is divided by 53.
39
Calculate the remainder when 